{"id":32,"date":"2024-01-04T11:09:19","date_gmt":"2024-01-04T11:09:19","guid":{"rendered":"https:\/\/www.td5.cz\/?page_id=32"},"modified":"2024-01-04T14:45:42","modified_gmt":"2024-01-04T14:45:42","slug":"auto-klice","status":"publish","type":"page","link":"https:\/\/www.td5.cz\/?page_id=32","title":{"rendered":"Autokl\u00ed\u010de"},"content":{"rendered":"\n<p>Programov\u00e1n\u00ed a synchronizace kl\u00ed\u010d\u016f pro v\u011bt\u0161inu model\u016f Land Rover<br>Opravy tla\u010d\u00edtek<br>Prodej obal\u016f kl\u00ed\u010d\u016f<br>Prodej origin\u00e1ln\u00edch kl\u00ed\u010d\u016f dle VIN vozu<br><\/p>\n","protected":false},"excerpt":{"rendered":"<p>Programov\u00e1n\u00ed a synchronizace kl\u00ed\u010d\u016f pro v\u011bt\u0161inu model\u016f Land RoverOpravy tla\u010d\u00edtekProdej obal\u016f kl\u00ed\u010d\u016fProdej origin\u00e1ln\u00edch kl\u00ed\u010d\u016f dle VIN vozu<\/p>\n","protected":false},"author":1,"featured_media":0,"parent":2,"menu_order":0,"comment_status":"closed","ping_status":"closed","template":"","meta":{"_monsterinsights_skip_tracking":false,"_monsterinsights_sitenote_active":false,"_monsterinsights_sitenote_note":"","_monsterinsights_sitenote_category":0,"_uf_show_specific_survey":0,"_uf_disable_surveys":false,"footnotes":""},"class_list":["post-32","page","type-page","status-publish","hentry"],"aioseo_notices":[],"_links":{"self":[{"href":"https:\/\/www.td5.cz\/index.php?rest_route=\/wp\/v2\/pages\/32","targetHints":{"allow":["GET"]}}],"collection":[{"href":"https:\/\/www.td5.cz\/index.php?rest_route=\/wp\/v2\/pages"}],"about":[{"href":"https:\/\/www.td5.cz\/index.php?rest_route=\/wp\/v2\/types\/page"}],"author":[{"embeddable":true,"href":"https:\/\/www.td5.cz\/index.php?rest_route=\/wp\/v2\/users\/1"}],"replies":[{"embeddable":true,"href":"https:\/\/www.td5.cz\/index.php?rest_route=%2Fwp%2Fv2%2Fcomments&post=32"}],"version-history":[{"count":2,"href":"https:\/\/www.td5.cz\/index.php?rest_route=\/wp\/v2\/pages\/32\/revisions"}],"predecessor-version":[{"id":68,"href":"https:\/\/www.td5.cz\/index.php?rest_route=\/wp\/v2\/pages\/32\/revisions\/68"}],"up":[{"embeddable":true,"href":"https:\/\/www.td5.cz\/index.php?rest_route=\/wp\/v2\/pages\/2"}],"wp:attachment":[{"href":"https:\/\/www.td5.cz\/index.php?rest_route=%2Fwp%2Fv2%2Fmedia&parent=32"}],"curies":[{"name":"wp","href":"https:\/\/api.w.org\/{rel}","templated":true}]}}